118. What is the units digit of s?
4
Let o = 15 + 24. Let b(g) = g**2 - 2*g + 1. Let r be b(3). Suppose r*m = n + 22, -5*m + n - 11 = -o. What is the units digit of m?
6
Let b(d) = d + 1. Let h be b(3). Suppose h*g - g - 24 = 4*y, 0 = -y. What is the units digit of g?
8
Let k(t) = t**3 - 8*t**2 - 6*t - 7. Suppose -6 = -m + 3. What is the units digit of k(m)?
0
Let u(c) = -c**3 - 4*c**2 + 3*c - 6. Let y be u(-6). Suppose y = v - 10. Suppose 5*b = -5*s - 8 + v, 4*s = -3*b + 35. What is the units digit of b?
5
Suppose -2*s - 4 = 2*s, 4*m - 2*s - 770 = 0. What is the units digit of m?
2
Let f be 15/9 - (-4)/(-6). Let o(y) = -y**3 - 7*y**2 - 6*y - 3. Let t be o(-6). What is the units digit of (-6)/t - (f + -1)?
2
Let a be 45*((0 - 2) + 1). Let z = a + 75. What is the units digit of z?
0
What is the tens digit of 295 + -1 + 2 + (-22 - -19)?
9
Let j(m) = -7*m**3. Let w = 3 + -5. Let p be (-3*w/6)/(-1). What is the units digit of j(p)?
7
Let h = 28 + 5. Suppose -h - 3 = -4*o. What is the units digit of o?
9
Suppose -4*g = -2*g - q, -2*q = -5*g + 2. Suppose 0 = g*y - 5*y. Suppose -4*r - 2*p + 38 = y, 5*r - 4*r = 3*p - 8. What is the units digit of r?
7
Let z be (-6)/21 + 114/7. Suppose 3*w = -w + z. What is the units digit of w?
4
Let k = 15 - 5. Let c = -3 + 1. Let d = k + c. What is the units digit of d?
8
What is the units digit of -3 + 4 + 35 + 1?
7
Let f = 23 + 88. What is the tens digit of f?
1
Suppose 0 = -2*w - w + 6. Suppose -z - 190 = -s - 4*s, 0 = -w*z. What is the tens digit of s?
3
Let w = 46 - -12. Suppose 4*o - w = 2*o. What is the units digit of o?
9
Let g(c) be the second derivative of 2*c - 7/2*c**2 + 0 + 1/2*c**3. What is the units digit of g(5)?
8
Let f(d) = d**2 - 10*d - 10. What is the units digit of f(11)?
1
What is the hundreds digit of ((6741/28)/(-9))/((-2)/8)?
1
Let q be -3 - (174/(-2))/3. Let x = -6 + q. What is the tens digit of x?
2
Let j be (0 + -1 - -1)/(-1). Suppose 4 = w - 0*w + 2*y, -4*w - 4*y + 12 = j. What is the units digit of (w/1*5)/2?
5
Suppose -4*r + 845 = 9*r. What is the units digit of r?
5
Suppose -u - q - 5 = 0, 2*u - 2*q + q + 1 = 0. Let l be u/(-6) - 5/(-3). Suppose 5*x = 5*f + 5, 2*f + 2 = -l*f + 3*x. What is the units digit of f?
1
Let i(m) = -m**2 + 12*m - 12. Let u be i(10). Suppose -36 = -3*o + j, 3*o = 4*j - 5*j + 30. Let z = o - u. What is the units digit of z?
3
Let m(k) = 2*k**2 - 5*k + 1. Let b be m(5). Suppose 5*g - 166 = -2*c - b, -3*g + 98 = 4*c. What is the tens digit of g?
2
Suppose -6 = -c - 2. Let r be 1 + 20 + (-1 - -2). Suppose 2*f + 3*o = 6*f - r, 0 = -5*f - c*o + 12. What is the units digit of f?
4
Let r = -6 - -29. What is the tens digit of r?
2
Suppose -4*p - i + 15 = 0, 0*i = 2*i - 6. Suppose 7*f - 84 = p*f. What is the units digit of f?
1
Let u(r) = r + 8. Let w be u(-6). Suppose -2*m + 4*a - 48 = 2*m, -w*a = -3*m - 34. Let q = m - -18. What is the units digit of q?
8
Suppose 6*i = a + 3*i + 28, -4*i = 5*a + 102. Suppose 3*k - 92 = 4*j, 3*k - 5*j - 111 = -23. Let o = a + k. What is the tens digit of o?
1
What is the units digit of 3 - 7 - (-21 - 1)?
8
Let k = -8 + 75. Let v = k + -42. What is the units digit of v?
5
What is the tens digit of ((-3)/(-2))/(51/1360)?
4
Let a(h) = h**3 - 7*h**2 + 8. Let s be a(7). Let q = s + -4. Suppose 0 = -m + 2 + q. What is the units digit of m?
6
Suppose i - 4*i = 9, 2*c = i + 309. What is the units digit of c?
3
Let d(j) = j + 7. Let m(y) = y**2 - 8*y + 2. Let l be m(7). Let h be d(l). Suppose -2*a - 2 + 0 = 0, 0 = x + 2*a - h. What is the units digit of x?
4
Let s(g) = -g**3 - 6*g**2 - 3*g + 3. Let m(a) = a**3 - 5*a**2 + 5*a - 3. Let d be m(3). What is the units digit of s(d)?
1
Suppose -3*r = 2*r - 20. Let q be r/2 + (0 - 5). What is the units digit of ((-1)/(-2))/(q/(-24))?
4
Suppose 0 = -2*u - 2*u + 8. Suppose -u*z + 75 = z. What is the units digit of z?
5
Let v = -12 - -3. Let y = v + 16. What is the units digit of y?
7
Suppose 0 = -3*g - 2*g + 20. Suppose 0*o + 3*m + 39 = 3*o, 20 = -g*m. What is the units digit of o?
8
Suppose -10 + 2 = -4*d. Suppose d*b + 14 = 4*b. What is the units digit of b?
7
Suppose 5 - 79 = -2*f + 3*o, 185 = 5*f + 3*o. What is the units digit of f?
7
Suppose 4*m = 0, -5*x + 0*m + m + 595 = 0. What is the tens digit of x?
1
Suppose 3*z - 4*a = 133, 0*a - 132 = -3*z + 3*a. Let d = z - 27. What is the units digit of d?
6
Let d(u) = 9*u**2 - 12 + 3*u + 14 + 6*u**2. What is the tens digit of d(-1)?
1
Suppose 0*h - 4 = -2*h. Let x(t) = -1 - t + 2 - t**2 + 2*t**h. What is the units digit of x(2)?
3
Let k = 0 + 4. Suppose k*o = 60 + 20. Let p = o - 1. What is the tens digit of p?
1
Let l(b) = -3*b - 4. Let d be 21/(-6) + 1/2. Let m be l(d). Suppose -q + m = -0*q. What is the units digit of q?
5
Let b(p) = p - 1. What is the units digit of b(4)?
3
Suppose -12 = -3*u + 2*l, -u + l = -3*u + 15. Suppose 2*h = 4*k - u, 0 = -k + 3*h - 0 - 6. Suppose 0*t - 33 = -k*t. What is the tens digit of t?
1
Let z(w) = w**3 + 7*w**2 + 5*w - 3. What is the tens digit of z(-5)?
2
Let b(x) = x**2 - 1. Let m(d) = -3*d**2 - 6*d + 10. Let n = 0 + 1. Let a(y) = n*m(y) + 2*b(y). What is the units digit of a(-6)?
8
Suppose 2*f = 3*a - 64 - 16, -3*a + 110 = 4*f. Let g = -18 + a. What is the units digit of g?
2
Suppose -f = 4*f - 945. What is the units digit of f?
9
What is the units digit of 200/5*(24/(-5))/(-2)?
6
What is the units digit of (-2 - -2)/1 - -14?
4
Suppose -18 = -w - 2*u - 5, 3*w - 3*u = 39. Suppose 4*f - l - w = 0, -2*f + 0*l = l - 11. What is the tens digit of 40/5*5/f?
1
Let n be (-6)/2 + (3 - 0). Let p be (n + 2)/((-6)/(-33)). What is the units digit of (1 - -1) + (p - 7)?
6
Let y = 40 - -49. What is the units digit of y?
9
Suppose -2*s + 0*y - 5*y = 45, -5*s = 5*y + 75. Let j be (-84)/(-15) + (-4)/s. Suppose j*g - 3 = 3*g. What is the units digit of g?
1
Let s be 9 - 3*(-3 + 4). Let c(i) = i**2 - 4*i - 8. What is the units digit of c(s)?
4
Let p(h) be the third derivative of -h**5/60 + 3*h**4/8 + h**3/2 + h**2. Let b be p(7). Let u = b - 9. What is the units digit of u?
8
Let g be 15 + 3/3 + 2. Suppose -y - 5*j = -g, -j = -2*y + y + 12. What is the tens digit of y?
1
Let j = 282 - 56. What is the units digit of j?
6
Suppose -5*l - 4 = -5*w + 11, 4*l + 4 = 2*w. Suppose -2*z = 3*b - 28, z - 25 = -w*b + 19. Let n = b + -5. What is the units digit of n?
7
Suppose f = 4*k - 172, -4*k + 0*f + 184 = -4*f. What is the units digit of k?
2
Let p(z) = 50*z**3 - 2*z**2 + 1. What is the units digit of p(1)?
9
What is the tens digit of 160/6 + 16/(-24)?
2
Let z be ((-48)/30)/(2/(-5)). Suppose 0*t - z*t = 0. What is the units digit of 9 - (t - -1) - 0?
8
Let h = 4 + -4. Suppose -2*w + 5*l + 25 = h, 0*l = -3*w + 5*l + 30. Let b = w - 2. What is the units digit of b?
3
Let n be -1 + 3 + -49 + 2. What is the units digit of 10/n + (-22)/(-18)?
1
Let q = -2 + 190. What is the units digit of q?
8
Suppose 2*d + 2 = 3*d. Suppose -7 = -3*u + d. What is the units digit of u?
3
Let u = -9 + 15. Let h be -4*(1 + (-3)/u). What is the units digit of (h/1)/(2/(-8))?
8
Let h = -216 - -387. What is the units digit of h?
1
Let v(o) = 2*o + 6. Suppose 3*i = i - 10, -2*i - 22 = 3*n. Let a be v(n). What is the units digit of (-1)/(-2)*4 - a?
4
Let u(w) be the first derivative of -w**2/2 + 5*w - 4. Suppose 0 = 2*a + a + 18. What is the units digit of u(a)?
1
Let r(f) = -3*f - 9. Let l be r(-7). What is the tens digit of l - 6/9*3?
1
Suppose -2*b = -10, -4*b = 3*k - 126 + 40. Suppose -2*c + k = -l, 2*l = -5*c - 3*l + 70. What is the tens digit of c?
1
Let n(t) = -t - 6. Let q(l) = l + 4 - 4. Let k(f) = n(f) + 2*q(f). What is the units digit of k(7)?
1
Let n be 3/(-3)*0 + 3. Suppose n = z + 2*z. What is the units digit of z?
1
Suppose 358 = 10*l - 52. What is the tens digit of l?
4
Let k = -40 + 83. What is the tens digit of k?
4
Suppose 4*u = -8 + 40. Let p = -2 + u. Suppose -d + 1 = -p. What is the units digit of d?
7
Suppose -2*u - 2*u + 60 = y, -3*u + 2*y = -34. What is the units digit of u?
4
Suppose 2*l - 4216 = -15*l. What is the units digit of l?
8
Let q(c) = -c**3 - 5*c**2 + 5*c - 3. Let j be q(-6). Suppose -j*t - t = -24. What is the units digit of (6/4)/(1/t)?
9
Let g(t) = 17*t**2 - t. Let z be g(-1). Suppose -9*w - 14 = 22. Let i = z + w. What is the ten